{"id":861,"date":"2025-04-06T22:12:45","date_gmt":"2025-04-06T22:12:45","guid":{"rendered":"https:\/\/selectionsuisse.ch\/?post_type=artiste&#038;p=861"},"modified":"2025-04-06T22:14:06","modified_gmt":"2025-04-06T22:14:06","slug":"","status":"publish","type":"artiste","link":"https:\/\/selectionsuisse.ch\/en\/artiste\/adina-secretan\/","title":{"rendered":"","raw":""},"content":{"rendered":"","protected":false,"raw":""},"template":"","class_list":["post-861","artiste","type-artiste","status-publish","hentry"],"meta":{"_fr_post_content":"Form\u00e9e en danse contemporaine, litt\u00e9rature moderne, philosophie et mise en sc\u00e8ne (La Manufacture), Adina Secretan est travailleuse des arts de la sc\u00e8ne, en Suisse et ailleurs. Elle a \u00e9t\u00e9 artiste associ\u00e9e au far\u00b0, festival des arts vivants, \u00e0 Nyon de 2017 \u00e0 2019. Ses cr\u00e9ations ou co-cr\u00e9ations (notamment avec les chor\u00e9graphes Eilit Marom, Elpida Orfanidou, Anna Massoni, Simone Truong, ou le collectif chilien MIL M2) ont pu \u00eatre vues dans des lieux et festivals tels que, entre autres : l\u2019Arsenic, Les Printemps, Les Urbaines \u00e0 Lausanne, La B\u00e2tie \u00e0 Gen\u00e8ve, Gessnerallee Z\u00fcrich, festival Parall\u00e8le \u00e0 Marseille, B\u00e2tard festival, Beursschouwburg \u00e0 Bruxelles, les Rencontres Chor\u00e9graphiques, Het Veem \u00e0 Amsterdam, Nave \u00e0 Santiago du Chili\u2026 ainsi qu'en s\u00e9lection aux Swiss Dance Days en 2017 avec <em>PLACE<\/em>. Au fil des saisons, elle accompagne avec passion d\u2019autres artistes, chor\u00e9graphes, metteur\u00b7euses en sc\u00e8ne et performeur\u00b7ses, en tant que dramaturge ou collaboratrice artistique. Sa derni\u00e8re pi\u00e8ce, <em>Une Bonne Histoire<\/em>, cr\u00e9\u00e9e \u00e0 l\u2019Arsenic en mai 2022, a tourn\u00e9 dans divers lieux en Suisse, dont le festival de la Cit\u00e9 \u00e0 Lausanne et La B\u00e2tie, avec le Gr\u00fctli, centre de production et de diffusion des Arts Vivants, \u00e0 Gen\u00e8ve.","_fr_post_excerpt":"","_fr_post_title":"Adina Secretan","_fr_post_name":"adina-secretan","edit_language":"en"},"excerpt":{"raw":"","rendered":""},"_links":{"self":[{"href":"https:\/\/selectionsuisse.ch\/en\/wp-json\/wp\/v2\/artiste\/861","targetHints":{"allow":["GET"]}}],"collection":[{"href":"https:\/\/selectionsuisse.ch\/en\/wp-json\/wp\/v2\/artiste"}],"about":[{"href":"https:\/\/selectionsuisse.ch\/en\/wp-json\/wp\/v2\/types\/artiste"}],"wp:attachment":[{"href":"https:\/\/selectionsuisse.ch\/en\/wp-json\/wp\/v2\/media?parent=861"}],"curies":[{"name":"wp","href":"https:\/\/api.w.org\/{rel}","templated":true}]}}

Formée en danse contemporaine, littérature moderne, philosophie et mise en scène (La Manufacture), Adina Secretan est travailleuse des arts de la scène, en Suisse et ailleurs. Elle a été artiste associée au far°, festival des arts vivants, à Nyon de 2017 à 2019. Ses créations ou co-créations (notamment avec les chorégraphes Eilit Marom, Elpida Orfanidou, Anna Massoni, Simone Truong, ou le collectif chilien MIL M2) ont pu être vues dans des lieux et festivals tels que, entre autres : l’Arsenic, Les Printemps, Les Urbaines à Lausanne, La Bâtie à Genève, Gessnerallee Zürich, festival Parallèle à Marseille, Bâtard festival, Beursschouwburg à Bruxelles, les Rencontres Chorégraphiques, Het Veem à Amsterdam, Nave à Santiago du Chili… ainsi qu'en sélection aux Swiss Dance Days en 2017 avec <em>PLACE</em>. Au fil des saisons, elle accompagne avec passion d’autres artistes, chorégraphes, metteur·euses en scène et performeur·ses, en tant que dramaturge ou collaboratrice artistique. Sa dernière pièce, <em>Une Bonne Histoire</em>, créée à l’Arsenic en mai 2022, a tourné dans divers lieux en Suisse, dont le festival de la Cité à Lausanne et La Bâtie, avec le Grütli, centre de production et de diffusion des Arts Vivants, à Genève.
