{"id":472,"date":"2023-04-05T21:05:41","date_gmt":"2023-04-05T21:05:41","guid":{"rendered":"https:\/\/prototype2023.selectionsuisse.ch\/?post_type=spectacle&#038;p=472"},"modified":"2024-04-02T14:33:31","modified_gmt":"2024-04-02T14:33:31","slug":"","status":"publish","type":"spectacle","link":"https:\/\/selectionsuisse.ch\/en\/spectacle\/katy-hernan-barbara-schlittler\/","title":{"rendered":"","raw":""},"content":{"rendered":"","protected":false,"raw":""},"parent":0,"template":"","class_list":["post-472","spectacle","type-spectacle","status-publish","hentry"],"meta":{"_fr_post_content":"Deux dates, soixante ans d\u2019\u00e9cart, tout un monde qui les s\u00e9pare\u00a0? Pas si s\u00fbr. De l\u2019\u00e8re du walkman \u00e0 celle de la possible fonte des glaces, trois acteurs voyagent joyeusement dans le temps. Pass\u00e9, futur, pr\u00e9sent\u00a0: ils font la drolatique exp\u00e9rience du d\u00e9calage, culturel et technologique, mais aussi le constat de la persistance de certaines choses \u00e0 travers les \u00e2ges. Si l\u2019iPhone a renvoy\u00e9 \u00e0 la pr\u00e9histoire tout un tas d\u2019objets, les pr\u00e9occupations, les peurs, les r\u00eaves et les espoirs des enfants sont-ils si diff\u00e9rents d\u2019une \u00e9poque \u00e0 une autre\u00a0? \u00ab\u00a0Dis, c\u2019\u00e9tait comme \u00e7a aussi quand t\u2019\u00e9tais p\u2019tit\u00a0?\u00a0\u00bb. Parents, attendez-vous \u00e0 ce que vos bambins vous posent la question au sortir de la repr\u00e9sentation. Avec cette proposition qui jette des ponts entre les g\u00e9n\u00e9rations, le spectacle continue\u2026 \u00e0 la maison\u00a0!","_fr_post_excerpt":"","_fr_post_title":"Katy Hernan & Barbara Schlittler","_fr_post_name":"katy-hernan-barbara-schlittler","edit_language":"en"},"excerpt":{"raw":"","rendered":""},"_links":{"self":[{"href":"https:\/\/selectionsuisse.ch\/en\/wp-json\/wp\/v2\/spectacle\/472","targetHints":{"allow":["GET"]}}],"collection":[{"href":"https:\/\/selectionsuisse.ch\/en\/wp-json\/wp\/v2\/spectacle"}],"about":[{"href":"https:\/\/selectionsuisse.ch\/en\/wp-json\/wp\/v2\/types\/spectacle"}],"wp:attachment":[{"href":"https:\/\/selectionsuisse.ch\/en\/wp-json\/wp\/v2\/media?parent=472"}],"curies":[{"name":"wp","href":"https:\/\/api.w.org\/{rel}","templated":true}]}}

Deux dates, soixante ans d’écart, tout un monde qui les sépare ? Pas si sûr. De l’ère du walkman à celle de la possible fonte des glaces, trois acteurs voyagent joyeusement dans le temps. Passé, futur, présent : ils font la drolatique expérience du décalage, culturel et technologique, mais aussi le constat de la persistance de certaines choses à travers les âges. Si l’iPhone a renvoyé à la préhistoire tout un tas d’objets, les préoccupations, les peurs, les rêves et les espoirs des enfants sont-ils si différents d’une époque à une autre ? « Dis, c’était comme ça aussi quand t’étais p’tit ? ». Parents, attendez-vous à ce que vos bambins vous posent la question au sortir de la représentation. Avec cette proposition qui jette des ponts entre les générations, le spectacle continue… à la maison !
