{"id":520,"date":"2023-04-06T07:54:56","date_gmt":"2023-04-06T07:54:56","guid":{"rendered":"https:\/\/prototype2023.selectionsuisse.ch\/?post_type=spectacle&#038;p=520"},"modified":"2024-04-02T14:33:30","modified_gmt":"2024-04-02T14:33:30","slug":"","status":"publish","type":"spectacle","link":"https:\/\/selectionsuisse.ch\/en\/spectacle\/muriel-imbach\/","title":{"rendered":"","raw":""},"content":{"rendered":"","protected":false,"raw":""},"parent":0,"template":"","class_list":["post-520","spectacle","type-spectacle","status-publish","hentry"],"meta":{"_fr_post_content":"Et si Blanche-Neige \u00e9tait un gar\u00e7on ? Son oppresseur, son beau-p\u00e8re\u00a0; sa sauveuse, une princesse sachant terrasser les dragons\u00a0? Cela changerait-il quelque chose\u00a0? C\u2019est en s\u2019emparant d\u2019un classique, dont elle renverse les points de vue avec malice, que la metteuse en sc\u00e8ne Muriel Imbach s\u2019attaque \u00e0 une question des plus contemporaines\u00a0: les st\u00e9r\u00e9otypes de genre. Muni.e.s de casques audio, les enfants sont invit\u00e9.e.s \u00e0 une autre \u00e9coute du conte de Grimm, \u00e0 travers une exp\u00e9rience \u00e0 la fois immersive et interactive. Face \u00e0 elles et eux, un com\u00e9dien et une bruitiste. Sur leur table, des micros, une bouteille d\u2019eau, quelques ustensiles de cuisine ou encore deux noix de coco. Il ne leur en faut pas plus pour fabriquer, \u00e0 vue, un petit th\u00e9\u00e2tre de l\u2019oreille. Un espace o\u00f9 l\u2019art de la suggestion est roi. Et les id\u00e9es, larges, n\u2019ont ni envers ni endroit.","_fr_post_excerpt":"","_fr_post_title":"Muriel Imbach","_fr_post_name":"muriel-imbach","edit_language":"en"},"excerpt":{"raw":"","rendered":""},"_links":{"self":[{"href":"https:\/\/selectionsuisse.ch\/en\/wp-json\/wp\/v2\/spectacle\/520","targetHints":{"allow":["GET"]}}],"collection":[{"href":"https:\/\/selectionsuisse.ch\/en\/wp-json\/wp\/v2\/spectacle"}],"about":[{"href":"https:\/\/selectionsuisse.ch\/en\/wp-json\/wp\/v2\/types\/spectacle"}],"wp:attachment":[{"href":"https:\/\/selectionsuisse.ch\/en\/wp-json\/wp\/v2\/media?parent=520"}],"curies":[{"name":"wp","href":"https:\/\/api.w.org\/{rel}","templated":true}]}}

Et si Blanche-Neige était un garçon ? Son oppresseur, son beau-père ; sa sauveuse, une princesse sachant terrasser les dragons ? Cela changerait-il quelque chose ? C’est en s’emparant d’un classique, dont elle renverse les points de vue avec malice, que la metteuse en scène Muriel Imbach s’attaque à une question des plus contemporaines : les stéréotypes de genre. Muni.e.s de casques audio, les enfants sont invité.e.s à une autre écoute du conte de Grimm, à travers une expérience à la fois immersive et interactive. Face à elles et eux, un comédien et une bruitiste. Sur leur table, des micros, une bouteille d’eau, quelques ustensiles de cuisine ou encore deux noix de coco. Il ne leur en faut pas plus pour fabriquer, à vue, un petit théâtre de l’oreille. Un espace où l’art de la suggestion est roi. Et les idées, larges, n’ont ni envers ni endroit.
